 = 8*i**b - 2*i**3 - 10 + 6*i - 3*i**3 + 6*i**3. Let d be k(-7). Let r(h) = -h**3 - 3*h**2 - h - 3. Calculate r(d).
0
Let l(c) be the second derivative of c**5/20 - 5*c**4/6 + c**3/3 - 4*c**2 + 360*c. What is l(10)?
12
Let h(f) be the third derivative of 37*f**2 + 1/24*f**4 + 1/6*f**3 + 0 + 0*f. Give h(-6).
-5
Let o(b) = -174*b - 176*b + 349*b + 3. What is o(-1)?
4
Let b(m) = 3*m + 3. Let p be (-4 + 52/14)/(1/(-7)). Let l(g) be the first derivative of -g**2/2 - g + 1. Let t(x) = p*b(x) + 7*l(x). Calculate t(2).
-3
Let r(t) = t**2 + 16*t + 12. Let f be (-1 + 6/12)*28. Determine r(f).
-16
Let h(r) = 19*r + 1. Let f be h(2). Let a = 43 - f. Let k(g) be the third derivative of g**4/6 - g**3 + 5*g**2. Calculate k(a).
10
Let o(j) = -j**3 + 12*j + 3*j**2 + 13*j**2 + 6*j + 126 - 130. Calculate o(17).
13
Suppose -5*p - 4*i + 6 = 0, -2*i - i + 5 = 4*p. Let n(s) be the third derivative of -7*s**4/24 + s**3/2 - 2*s**2. Give n(p).
-11
Let x(i) = 18*i - 8. Let q(y) = 27*y - 11. Let w(d) = -5*q(d) + 7*x(d). Determine w(-1).
8
Let r(v) = v**2 + 3*v + 1. Let q be 2560/(-85) - (-8)/68. Let h = q - -33. Give r(h).
19
Let t(b) be the second derivative of b**5/20 + b**4/6 + b**3/3 - b**2/2 - 4*b. Let j = -1611 + 1609. Calculate t(j).
-5
Let k be 2 + -1 - 0 - -4. Suppose -l + 8 = 4*s - 9, s = -l + k. Suppose 20 = -s*h - 4. Let c(d) = d**3 + 6*d**2 + 7. Calculate c(h).
7
Let o be 4*(44/20)/(8/(-10)). Let f(k) = -2*k - 3. Give f(o).
19
Let x(l) = -2*l**2 - 6*l + 11. Let y be x(-4). Let g(k) = k**2 - 3*k + 5. Give g(y).
5
Let g(n) = -4*n**2 + 41*n + 1. Let r(q) = -q**2 + 10*q. Suppose 6 = -9*l + 24. Let h(b) = l*g(b) - 9*r(b). Give h(8).
2
Let t(p) be the third derivative of -p**7/840 + p**6/120 - p**5/120 + p**4/12 - 5*p**3/2 + 11*p**2. Let l(d) be the first derivative of t(d). Determine l(3).
-1
Suppose -2*a - 5*u - 15 = 0, 20 = a - 7*u + 4*u. Let v = 27 + -24. Let o(w) = -5 - 4*w**3 + w**v + 4*w**3 - 2*w - 4*w - 4*w**2. Calculate o(a).
-10
Let g(c) = -19*c**2 - 11*c - 11. Let m(u) = 43*u**2 + 22*u + 22. Let t(x) = -9*g(x) - 4*m(x). Determine t(10).
21
Let d(k) = -k**3 + 5*k**2 - k - 1. Let y(z) = -4*z**2 + 9*z + 14. Let s(o) = -o**2 - o. Let a(x) = 6*s(x) - y(x). Let l be a(-6). Calculate d(l).
11
Let f(k) be the second derivative of 0 + 0*k**2 - 5*k + 1/12*k**4 - 1/3*k**3. Determine f(2).
0
Let m(i) = i. Let q = 4 - -12. Let s be 4/(-6) - q/3. Let p = 0 - s. What is m(p)?
6
Let w(y) = -y**2 - 4*y + 1. Let n = -33 - -38. Suppose z + n = -0. Calculate w(z).
-4
Let d(g) = -g**2 - 3*g - 5. Let o(a) = -a**2 - 2*a - 6. Let i = 19 + -17. Let p(b) = i*d(b) - 3*o(b). What is p(0)?
8
Let z(h) = -11*h - 57. Let l be z(-5). Let a(x) = -4*x - 3. Determine a(l).
5
Let b(g) be the third derivative of g**5/60 + g**4/24 - 7*g**3/6 - 39*g**2. Give b(7).
49
Suppose -7*p - 8 = 3*s - 12*p, 0 = -s + 3*p - 4. Let j(z) = -4*z + 1. Calculate j(s).
5
Suppose z + 4 = 3*z. Suppose 3*u - z*u = 0. Let c(x) be the third derivative of -x**6/120 + x**4/24 + 7*x**3/6 + 451*x**2. What is c(u)?
7
Let p(y) = y - 5. Let t(l) = l**2 + l - 8. Suppose 6*m = 15*m - 27. Let r be t(m). Determine p(r).
-1
Let d(s) be the third derivative of -7*s**6/120 - s**5/30 + s**3/6 + 2*s**2. Suppose -2*h + 3 - 5 = 0. Determine d(h).
6
Suppose 5*c + h = -6, -2*c + 18 = 5*h + 2. Let l(o) = 2*o + 2. Let s(y) = 2*y + 3. Let z(p) = -6*l(p) + 4*s(p). Determine z(c).
8
Let p(i) be the first derivative of i**4/2 + i**3 - 3. Let n be 2/(-4 - -3) + 2. Suppose -v - v - 4 = n. Determine p(v).
-4
Let z(t) be the first derivative of -t + 2/3*t**3 + 0*t**2 - 2*t**4 + 6. What is z(-1)?
9
Suppose 5*q = 4*i + 11 + 14, -5 = -q + 2*i. Let o(d) = d**2 + 9 - q + 3*d + d - d. What is o(-4)?
8
Let m(o) be the first derivative of -o**5/120 - o**4/24 + 5*o**3/3 + 3*o**2 + 42. Let d(w) be the third derivative of m(w). Give d(3).
-4
Let t(y) be the third derivative of -y**6/120 - y**5/15 - y**3/3 + 5*y**2. Let f be 2 - (1 + 5/1). Give t(f).
-2
Suppose -108 = -5*c + 67. Let o(b) = -b + b**2 + 64 - c - 32. What is o(-3)?
9
Suppose 40 = 7*r + r. Suppose -27 = 4*y - u, 25 + 8 = -r*y + u. Let g(l) = l**3 + 5 + l + 4*l**2 + 5*l**2 - 3*l**2. Give g(y).
-1
Let r(i) = 6*i**2 - 1. Suppose 3*m + 76 = m + 4*l, -3*l = 6. Let t = 43 + m. Calculate r(t).
5
Let g = 2070 - 12419/6. Let c(x) be the third derivative of -1/10*x**5 + 15*x**2 - g*x**3 + 0*x + 1/8*x**4 + 1/120*x**6 + 0. Give c(2).
-11
Suppose 8*c = 15*c - 35. Let n(x) = 7*x**2 + 3 - c + 4 + 4 - x**3 + 8*x. Let f be (-70)/(-9) + 2/9. What is n(f)?
6
Let y(s) = -s**2 + 10*s + 23. Let r = 1879 - 1867. Give y(r).
-1
Let t(b) = 12*b - 5*b + b**3 - 12 + 8*b**2 + 2 + 0 + 9. Calculate t(-6).
29
Suppose -4*w + 10 = 30. Let q(z) = -z**2 + 17*z + 3 + 2*z**2 - 13*z. Calculate q(w).
8
Suppose -14*d = -18*d + 16. Let v(s) = -s**3 + 6*s**2 - 3*s. What is v(d)?
20
Let v(q) = q**2 - 8*q + 7. Suppose 0*a + 2*a - 308 = 5*h, -4*a = -5*h - 316. Let d = 66 + h. Determine v(d).
-5
Let z(q) = -q**2 - 1. Let x be 4/10 - 24/(-15). Calculate z(x).
-5
Let d = 30 - 25. Let y(k) = -k**2 + 5*k + 9*k + 2 - 5*k - d*k. Let p be 2/(-1)*5/(-2). Give y(p).
-3
Let x(g) = g**2 + 8*g - 6. Let a(h) = h**3 - 5*h**2 - 2*h + 2. Suppose 4*b + 15 = 7*b. Let j be a(b). Calculate x(j).
-6
Let p(q) = q**2 + 4*q - 4. Let l = 12 - -9. Let g be l*(-2)/4*2. Let r = g - -16. What is p(r)?
1
Let o(t) = -3*t**3 - t**2 + 1. Let w(u) = 11*u**3 - 7*u**2 + 13*u + 6. Let b(s) = -4*o(s) - w(s). What is b(-12)?
2
Let h(j) = -3*j + 1. Let t(r) be the first derivative of r**2 - r - 1. Let k(w) = -5*h(w) - 7*t(w). Calculate k(-7).
-5
Let b(t) = -3*t + 18. Let w(m) = -62*m + 129*m - 69*m + 9. Let x(l) = 3*b(l) - 5*w(l). Calculate x(-7).
2
Let d(r) = -73*r - 144. Let a be d(-2). Let c(n) be the second derivative of n**2 + 2*n - 1/3*n**4 + 1/10*n**5 + 1/6*n**3 + 0. What is c(a)?
4
Let k(p) = p**2 - 12*p - 13. Let a(g) = 4*g + 24. Let l be a(-7). Let z(h) = -h**2 + 11*h + 12. Let n(x) = l*k(x) - 5*z(x). Determine n(7).
-8
Let g(h) = 2*h**2 - 11*h + 9. Suppose 0 = -4*v + 99 - 71. What is g(v)?
30
Let l(x) = x**3 + 7*x**2 + 7*x - 3. Let j be l(-5). Suppose 91*v - 85*v = -j. Let r(p) = -p**3 - 4*p**2 - 2*p - 3. What is r(v)?
-7
Suppose 3*t - 22 = 4*s, 0 = -t + 2*s - 5*s + 3. Suppose -13 = -6*x + 29. Let c(z) = x*z**2 - 2*z**2 + 8 + 0*z**2 + 6*z - z**3. Calculate c(t).
8
Let z(w) be the third derivative of w**4/4 + 10*w**3/3 + 137*w**2 - w. Determine z(-4).
-4
Let o(h) = -1 + 4 - h - 2 - h. Let l(y) = y**2 + 5*y - 1. Let d be l(-6). Suppose -d*x - 3*u + 10 = 2*u, -2*x + 4 = -5*u. Give o(x).
-3
Let p = -3 - 2. Let i(a) be the first derivative of -a**4/4 - 4*a**3/3 + 2*a**2 - 6*a + 3. Calculate i(p).
-1
Let d(l) = l + 1. Let q(b) = 1. Let x(h) = -d(h) + q(h). Let m be x(-3). Let w(s) = -m*s + s - 4 + s + 8. Determine w(2).
2
Let q be (-6)/15 + 3/(-5). Let r(d) be the first derivative of -13/3*d**3 + 0*d**2 - d + 18. Determine r(q).
-14
Suppose -4*w - 6 = -7*w. Suppose 6 = w*v + v. Let s(i) = -v*i - 3 + i + 1. Give s(-6).
4
Let t(z) = -z - 74. Let b(w) = 123. Let r(k) = 3*b(k) + 5*t(k). Suppose -1 = 5*v + 4. What is r(v)?
4
Let i(n) = -53*n - 50*n + 1 + 102*n. Suppose x + 2 = 3*c - 3, -4*x - 3*c + 25 = 0. Determine i(x).
-3
Let i(u) = 2*u**2 - 5*u + 7. Let v(r) = r**2 + 10*r + 5. Let w be v(-9). Let c(t) = 3*t**2 - 5*t + 7. Let y(d) = w*c(d) + 5*i(d). Calculate y(-5).
-18
Let h(y) = y**2 + 6*y + 4. Let z be h(-5). Let i(o) be the third derivative of 0 + 0*o + 1/6*o**3 - 10*o**2 + 1/3*o**4. Calculate i(z).
-7
Let w(n) = -n + 6. Let c be ((-16)/12)/(6/(-63)). Suppose 3*x - c = -5*a, -3*a = -2*x - a + 20. What is w(x)?
-2
Let a = 23 - 23. Suppose 2*n = 0, a = 3*z - 5*n - 1 - 5. Let d(s) = s**3 - s**2 - s + 2. Calculate d(z).
4
Let k(u) = -u + 41. Let m(w) = -1. Let r(s) = -k(s) + m(s). Determine r(0).
-42
Suppose 3*o = 3*v - 17 - 16, 4*o = -3*v - 37. Let y(l) = -l**3 - 10*l**2 + 2*l + 14. Give y(o).
-6
Let b(m) = -4*m**2 - 3*m - 9. Let s(g) = -5*g**2 - 2*g - 8. Let i(q) = 6*b(q) - 5*s(q). Calculate i(10).
6
Let n(o) = 0*o + 117 + o - 113. Calculate n(-5).
-1
Let q(w) = -w + 9. Suppose 0*f - 2 = -f. Let p(h) = 6*h + f*h - 6 - 5*h**2 + h**3 - h. Let v be p(4). Determine q(v).
3
Let i be 1/((-1)/(-3)) - (11 - -6). Let j(s) = 2*s**2 + 27*s - 20. Calculate j(i).
-6
Let a(i) be the